actor of 254526 and 77172.
354
Calculate the highest common factor of 513282992 and 48.
16
What is the highest common factor of 1996 and 19?
1
Calculate the highest common factor of 78651 and 2292531.
2913
Calculate the greatest common divisor of 595221 and 64721.
1061
Calculate the greatest common divisor of 3282 and 9160609.
547
What is the greatest common factor of 6863258 and 10?
2
Calculate the greatest common factor of 18 and 1170420.
6
Calculate the greatest common factor of 1064 and 112147462.
266
Calculate the highest common factor of 1751570 and 22578.
142
What is the highest common factor of 111470 and 3977595?
785
Calculate the greatest common factor of 912 and 6674520.
24
Calculate the greatest common divisor of 324 and 2035350.
18
What is the highest common factor of 152 and 75054408?
152
Calculate the highest common divisor of 6109 and 14845913.
149
What is the greatest common divisor of 256 and 24049?
1
What is the highest common divisor of 1669048 and 44?
4
What is the greatest common divisor of 585 and 10075338?
117
What is the greatest common factor of 4600908 and 11544?
156
Calculate the highest common divisor of 7049 and 1445843.
133
Calculate the greatest common factor of 85 and 540745.
5
Calculate the greatest common divisor of 900 and 781308.
36
What is the highest common factor of 1976 and 781768?
104
Calculate the greatest common factor of 17472 and 4736004.
1092
Calculate the highest common factor of 900237 and 663.
39
Calculate the greatest common factor of 1088 and 5437501.
17
Calculate the highest common factor of 234135 and 145683.
9
What is the greatest common factor of 101702 and 473324?
482
What is the highest common divisor of 22790 and 56846?
86
Calculate the greatest common factor of 5174 and 5642.
26
What is the highest common factor of 42290696 and 10540?
2108
What is the highest common factor of 6 and 805606824?
6
What is the greatest common factor of 18 and 45542866?
2
Calculate the greatest common divisor of 334 and 21746072.
334
What is the greatest common divisor of 5100 and 63069900?
300
Calculate the greatest common factor of 38883 and 705876.
2991
What is the highest common factor of 22221 and 105303673?
823
What is the greatest common factor of 217489727 and 38493?
4277
Calculate the highest common factor of 2 and 6138480.
2
Calculate the highest common divisor of 338 and 41315599.
169
Calculate the highest common divisor of 2994792 and 2952.
24
What is the highest common divisor of 21944751 and 2421?
807
Calculate the highest common divisor of 155634440 and 382.
382
What is the greatest common divisor of 10 and 445013865?
5
Calculate the greatest common factor of 2784 and 1262370.
174
Calculate the highest common factor of 227085 and 17790.
15
Calculate the greatest common divisor of 45207131 and 34.
17
What is the greatest common divisor of 20844 and 86078?
386
Calculate the greatest common factor of 336035749 and 515.
103
Calculate the greatest common divisor of 4640 and 76653380.
580
What is the highest common divisor of 33 and 67478070?
33
Calculate the greatest common divisor of 843 and 2745651.
843
What is the greatest common factor of 508 and 20493482?
254
Calculate the greatest common factor of 3800 and 88428850.
950
Calculate the greatest common divisor of 10583591 and 444.
37
Calculate the greatest common divisor of 3984 and 537582534.
498
What is the highest common factor of 3930 and 721361980?
1310
What is the highest common factor of 375602678 and 1254?
418
Calculate the greatest common divisor of 28438 and 5429489.
241
Calculate the greatest common divisor of 436 and 8984543.
109
Calculate the greatest common factor of 31166346 and 47709.
1767
What is the greatest common factor of 1660986 and 666?
18
What is the highest common divisor of 35 and 9367897?
7
Calculate the greatest common divisor of 643929 and 1398774.
3081
What is the highest common factor of 1634030 and 470?
10
What is the greatest common factor of 24 and 800456?
8
What is the highest common factor of 188314 and 46928?
14
What is the greatest common factor of 5674775 and 50?
25
What is the highest common factor of 6300669 and 354?
177
Calculate the greatest common divisor of 47895 and 13351993.
103
Calculate the greatest common divisor of 800 and 222334150.
50
What is the greatest common divisor of 67373 and 14716837?
757
What is the highest common factor of 35377 and 1088?
17
Calculate the greatest common divisor of 5435 and 11425.
5
Calculate the greatest common factor of 417189608 and 10648.
968
Calculate the highest common factor of 14449014 and 373014.
7038
What is the highest common factor of 1915003 and 3475?
139
Calculate the highest common factor of 2279 and 43602.
43
What is the greatest common factor of 36049 and 13442?
611
Calculate the greatest common factor of 3026689 and 3598.
257
Calculate the greatest common factor of 908107 and 61.
61
What is the greatest common divisor of 6157514 and 1518?
506
What is the highest common factor of 8128 and 2655316?
508
What is the highest common divisor of 768792 and 77868?
1236
What is the greatest common divisor of 7143133 and 1012?
23
What is the greatest common divisor of 9642140 and 11772?
436
What is the greatest common factor of 1008163 and 36881?
13
What is the highest common divisor of 4208136 and 13936?
536
Calculate the highest common factor of 3897813 and 2388.
597
Calculate the greatest common factor of 1895616 and 15296.
64
Calculate the highest common factor of 26 and 18811000.
26
What is the highest common factor of 108584937 and 9?
9
Calculate the highest common factor of 40 and 44234920.
40
What is the greatest common divisor of 3757698 and 108?
54
Calculate the greatest common divisor of 1300 and 66140.
20
What is the highest common divisor of 7310160 and 110?
110
What is the highest common factor of 50140442 and 1298?
1298
What is the highest common factor of 290065675 and 6405?
305
Calculate the greatest common factor of 34528 and 716788.
332
What is the highest common divisor of 693 and 276571911?
231
What is the highest common factor of 10 and 23835510?
10
What is the greatest common divisor of 33523762 and 1972?
34
Calculate the highest common divisor of 257908 and 15616.
244
What is the highest common factor of 7657 and 11662789?
589
Calculate the highest common divisor of 187671 and 74871.
141
What is the greatest common factor of 18436608 and 512?
512
What is the highest common divisor of 825840 and 5535792?
5328
What is the greatest common divisor of 416562230 and 8672?
542
What is the highest common divisor of 31622 and 1139696?
326
What is the highest common divisor of 2214446 and 30533?
1607
What is the greatest common divisor of 207 and 1628559045?
207
What is the highest common divisor of 2017 and 116?
1
Calculate the greatest common factor of 850 and 6171950.
50
What is the greatest common divisor of 3984776706 and 12918?
12918
What is the highest common factor of 11795804 and 100?
4
Calculate the highest common factor of 9807 and 56427.
21
What is the greatest common divisor of 471491 and 740?
37
Calculate the highest common factor of 9607013 and 3367.
481
What is the highest common divisor of 24486414 and 654?
654
What is the greatest common divisor of 16813 and 5662025?
989
What is the greatest common divisor of 4508022 and 22875?
183
What is the greatest common divisor of 1122 and 25424894?
374
What is the highest common factor of 93228066 and 18?
18
What is the greatest common factor of 325 and 76206455?
65
Calculate the highest common divisor of 37345203 and 43659.
441
Calculate the greatest common factor of 16957230 and 210.
30
What is the highest common factor of 58 and 144675490?
58
Calculate the highest common factor of 64366 and 2804.
2
Calculate the highest common factor of 10942965 and 4752.
297
Calculate the greatest common factor of 42533015 and 35.
35
Calculate the highest common divisor of 30291482 and 26.
26
What is the greatest common factor of 621340616 and 663?
221
Calculate the highest common factor of 121 and 1074634.
11
What is the greatest common factor of 336 and 49245840?
336
Calculate the highest common divisor of 6916 and 113012.
76
Calculate the greatest common divisor of 89227340 and 3160.
1580
Wh